+ 61 = b*n. What is the remainder when n is divided by 6?
4
Suppose -10 = -k - 4*x, x = -5*k + 80 - 11. What is the remainder when 41 is divided by k?
13
Suppose 0 = -5*y + 14 + 6. Suppose -247 = -3*s - d, -d = -y*d - 15. Calculate the remainder when s is divided by 29.
26
Suppose -2*k - 4*h = -264, 0 = -2*k - 0*k - 2*h + 272. Suppose -k = -u - 4*u. Suppose 2*n + 8 = u. What is the remainder when n is divided by 6?
4
Let p(f) = 2*f + 4. Let s = 2 - -4. What is the remainder when 30 is divided by p(s)?
14
What is the remainder when 26 is divided by (-1460)/(-90) - (-2)/(-9)?
10
Suppose 3*h = -z - 16, 4*h = -z + 3*h - 6. Suppose 0 = -3*j - y + 37, -2*y - 1 = 3. What is the remainder when 31 + z - 3 - 3 is divided by j?
11
Suppose 2*q + 2*a - 42 = 0, 2*q - 17 = -3*a + 25. Let r = -46 + 58. Calculate the remainder when q is divided by r.
9
Calculate the remainder when -3 - 2*-20 - -1 is divided by 20.
18
Suppose -4*m + 604 = -4*c, 4*m + c = -2*c + 611. What is the remainder when m is divided by 52?
48
Suppose 9*d - 30*d = -273. Let r be (4/1)/(0 + 1). Suppose -9 = -r*b + 7. Calculate the remainder when d is divided by b.
1
Suppose 22 = 5*r - h, -4*r + 26 = r - 3*h. What is the remainder when 0 + 5 + -8 - -17 is divided by r?
2
Suppose -f - 3*f + 80 = 0. What is the remainder when f is divided by 12?
8
Suppose 2*m = -5*q + 72, -5*m - 4*q - 54 = -268. Calculate the remainder when m is divided by 12.
10
Suppose -o + 3*a = -21, 0 = -3*o + 3*a - 0*a + 51. What is the remainder when 28 is divided by o?
13
Let y = -19 + 7. Suppose -4*i + 3*i = -17. Let m = y + i. What is the remainder when 9 is divided by m?
4
Let q = -17 - -52. Suppose -m + 27 - 9 = 0. Calculate the remainder when q is divided by m.
17
Let g = -7 - -24. Let d = g - 12. Suppose 0 = 5*v - 5 - 5. What is the remainder when d is divided by v?
1
Suppose -64 - 11 = -5*n. Let r(g) = 2*g**3 - 4*g**2 + g - 1. Let a be r(-3). Let x = 137 + a. What is the remainder when x is divided by n?
13
Suppose -3*n = n - 4. Suppose -50 - 24 = -2*j. Calculate the remainder when j is divided by 104/(-8)*n/(-1).
11
Suppose -3*c + 104 = 2*w + c, 0 = -5*w + 3*c + 247. Let f(i) = -72*i**3 - i. Let m be f(-1). Let y = m - w. What is the remainder when y is divided by 13?
10
Suppose 0 = -13*w + 16*w - 45. What is the remainder when w is divided by 10?
5
Let h(d) = 16*d + 1. Let r(o) = 3*o - 7. What is the remainder when h(3) is divided by r(8)?
15
Let c be (0 + -2 + 1)*-4. Suppose c*q - 3*q + 4*g = 4, 0 = 3*q - 4*g + 4. Let p(l) = -l**2 + 65. Calculate the remainder when p(q) is divided by 22.
21
Let a(z) = z**2 + z - 1. Let g = -1 - 4. Let s be a(g). What is the remainder when 56 is divided by (s/4)/((-2)/(-8))?
18
Suppose -j - 5*j = -210. Calculate the remainder when 104 is divided by j.
34
Let s(v) be the second derivative of v**3/3 - 3*v**2 + v. Suppose -2*h + h = -19. What is the remainder when h is divided by s(8)?
9
Let l = 25 + -10. Let f = -13 + 19. Calculate the remainder when l is divided by f.
3
Let i = 34 + -24. Let f = -162 - -190. Calculate the remainder when f is divided by i.
8
Let f = 8 + -5. Suppose f*j = 11 + 19. What is the remainder when (-4)/1 + 2 + 30 is divided by j?
8
Let h(o) = o**2 - 3. Let a be h(4). Let j be 5/(-20) + (-50)/(-8). Let g = a - j. What is the remainder when g is divided by 5?
2
Let d be 6/2 - (-1 - 0). Suppose -6*k - w + 175 = -k, d*w + 20 = 0. Let y(v) = -v**3 + 6*v**2 - 4*v - 3. What is the remainder when k is divided by y(4)?
10
Let j be -10*(2/2)/(-1). Let n = -7 + j. What is the remainder when 8 is divided by n?
2
Let f(s) be the third derivative of 23*s**5/60 + s**4/24 + s**3/6 - 6*s**2. What is the remainder when f(1) is divided by 14?
11
Suppose -5*j - 90 = -4*o, 4*o - 3*j + 25 - 111 = 0. Suppose 4*r = 2*r + o. Suppose 0 = -2*q - 0*q + 8. Calculate the remainder when r is divided by q.
2
Suppose 2*m - 9*l - 37 = -4*l, 0 = -3*m + 4*l + 66. Calculate the remainder when m is divided by 117/15 + (-12)/15.
5
Suppose -2*m - 26 = -3*m + 5*s, -5*s = -5. What is the remainder when 154 is divided by m?
30
Suppose -2*u - 2*j + 7*j + 81 = 0, 0 = -j - 3. What is the remainder when 97 is divided by u?
31
Suppose g = 67 + 35. Calculate the remainder when g is divided by 13.
11
Let t = 42 - 1. What is the remainder when t is divided by 16?
9
Let l = -199 + 220. Let i(j) = -j**3 - 2*j**2 - 3. Suppose -4*s = -0*s + 12. What is the remainder when l is divided by i(s)?
3
Suppose -2*m = -6*h + h + 23, 2*m - 4 = -4*h. Let b(x) = -x**3 - 4*x**2 - 3*x - 5. Calculate the remainder when -1 + 14 + (1 - 1) is divided by b(m).
6
Let i(z) = z**3 - 2*z - 5. Let u be i(4). Suppose 5*f = 54 + u. Let p = f - 1. What is the remainder when p is divided by 7?
6
Suppose y + 3*y - 140 = 0. Calculate the remainder when 102 is divided by y.
32
Let i = 24 + -16. Calculate the remainder when 31 is divided by i.
7
Let c = 44 + -22. Calculate the remainder when c is divided by (9/(-2))/(6/(-12)).
4
Let w(u) be the first derivative of u**2/2 + 2*u - 2. Let i be w(-6). Let v = 1 - i. Calculate the remainder when 14 is divided by v.
4
Let t = -118 - -171. What is the remainder when t is divided by 18?
17
Let j = 2 + -4. Calculate the remainder when 34 is divided by (18/4)/(j/(-4)).
7
Suppose -35 = -t - 5*w, -2*t - 2*t + 164 = -4*w. Calculate the remainder when 157 is divided by t.
37
Let l(r) = 3*r**2 - 5*r + 4. Calculate the remainder when 44 is divided by l(3).
12
Let f(d) = -d**2 + 12*d - 5. Let t be f(11). Let x(y) = -4 + 2*y + 1 + 4. Calculate the remainder when 25 is divided by x(t).
12
Suppose -11*x + 20 = -7*x. Calculate the remainder when 19 is divided by x.
4
Let t(b) = 2 - 1 + b**3 + 2 - 8*b**2. Let u be t(8). What is the remainder when 19 is divided by (-15)/(-1 - u/6)?
9
Let a be (1/2)/(4/8). Suppose -44 = -3*p + 4. What is the remainder when p is divided by 3 - a/2*-6?
4
Let u(a) = a**2 + a - 2. Let n be u(-2). Suppose 3*z - 65 - 67 = n. Let w(d) = 3*d**3 + d - 3. Calculate the remainder when z is divided by w(2).
21
Suppose -6*i = -3*i - 78. Calculate the remainder when i is divided by (-2)/(-4)*0 + 14.
12
Suppose 4*t - 25 = -9. Let z = t + 14. Calculate the remainder when z is divided by 10.
8
Suppose 0 = -4*p + p + 9. Suppose -2*o - 4*w + 0*w = -42, p*o = 3*w + 45. Calculate the remainder when o is divided by 6.
5
Let k = -4 - -8. Suppose -4*u = -4*f, -3*f - 5*u = -u. Suppose 0 = 4*s - 2*s + 10, -2*j + 4*s + 40 = f. What is the remainder when j is divided by k?
2
Suppose 2*o - 12 - 4 = 0. Let d = -59 - -93. Suppose -d - o = -x. Calculate the remainder when x is divided by 11.
9
Let u = -56 - -85. What is the remainder when u is divided by 8?
5
Suppose -y - 5*l + 5 = -6*y, -5*l + 11 = -3*y. Suppose -28 = -y*h + 38. Let c = h - 11. Calculate the remainder when 31 is divided by c.
9
Suppose -n + 60 = -3*h, -3*n - 3*h + 13 + 155 = 0. What is the remainder when n is divided by 20?
17
What is the remainder when (-5)/(-25) + (-252)/(-15) is divided by 4/(-3)*(-30)/4?
7
Let i(g) = g**3 - 7*g**2 + 8*g - 9. Let j be i(6). What is the remainder when 46 is divided by -32*(9/(-6))/j?
14
Suppose 5*b = -x - 90, 36 = -2*b + 2*x - 4*x. What is the remainder when (-24)/b*39/1 is divided by 18?
16
Let g = -4 - -22. What is the remainder when g is divided by (-12)/(-8) - 34/(-4)?
8
Suppose -3*b = -28 + 10. Let d = b + 10. Calculate the remainder when 44 is divided by d.
12
Let b = -32 + 1. Let v = 77 + b. What is the remainder when v is divided by 16?
14
Suppose -r + 28 = -3. Suppose -h - 3 = 6. Let m = r + h. What is the remainder when m is divided by 12?
10
Let a be 2/1 + 12/(-2). Calculate the remainder when 2/4 + (-14)/(-4) is divided by 6*(1*a)/(-8).
1
Suppose -5*d = -41 - 4. Calculate the remainder when 32 is divided by d.
5
Let c = 2 + 8. What is the remainder when c is divided by (-30)/25*(-10)/4?
1
Let j = 15 + -11. Calculate the remainder when 9 is divided by j.
1
Let t(h) = -h + 16. Calculate the remainder when 69 is divided by t(-8).
21
Let r = -32 - -127. Suppose v + 4*b - 27 = -0*b, -3*v + 2*b = -r. What is the remainder when 61 is divided by v?
30
Suppose y = -4*y + 65. Calculate the remainder when 49 is divided by y.
10
Suppose -5*b - s + 2*s + 285 = 0, s = b - 53. Let v = -40 + b. Calculate th